{"id":50,"date":"2016-11-24T18:11:06","date_gmt":"2016-11-24T18:11:06","guid":{"rendered":"http:\/\/plethorathemes.com\/hotel-xenia\/?page_id=50"},"modified":"2023-09-19T10:21:54","modified_gmt":"2023-09-19T10:21:54","slug":"club-de-golf-alcanada","status":"publish","type":"page","link":"https:\/\/hostaldiana.com\/?page_id=50","title":{"rendered":"Club de Golf Alcanada"},"content":{"rendered":"<section class=\"wpb-content-wrapper\"><p>[vc_row full_width=\u00bbstretch_row\u00bb row_padding_bottom=\u00bbpadding_bottom_none\u00bb css=\u00bb.vc_custom_1488370312297{background-color: #f4f4f4 !important;}\u00bb][vc_column][plethora_headinggroup subtitle=\u00bbLA EXPERIENCIA DE GOLF MEDITERR\u00c1NEA\u00bb divider=\u00bb1&#8243;]<\/p>\n<h2>CLUB DE GOLF ALCANADA<\/h2>\n<p>[\/plethora_headinggroup][\/vc_column][\/vc_row][vc_row full_width=\u00bbstretch_row\u00bb color_set=\u00bbwhite_section\u00bb row_padding_top=\u00bbpadding_top_none\u00bb css=\u00bb.vc_custom_1488370320895{background-color: #f4f4f4 !important;}\u00bb][vc_column width=\u00bb1\/3&#8243;][plethora_teaserbox orientation_style=\u00bbvertical\u00bb title=\u00bbDistancia\u00bb media_type=\u00bbicon\u00bb icon=\u00bbfa fa-info\u00bb]El Club de Golf Alcanada est\u00e1 a menos de 1 kil\u00f3metro del Hostal Diana[\/plethora_teaserbox][\/vc_column][vc_column width=\u00bb1\/3&#8243;][plethora_teaserbox orientation_style=\u00bbvertical\u00bb title=\u00bbHOYO POR HOYO\u00bb media_type=\u00bbicon\u00bb icon=\u00bbfa fa-golf-ball-tee\u00bb] Con un campo de 18 hoyos dise\u00f1ado cuidadosamente para desafiar y deleitar a golfistas de todos los niveles.[\/plethora_teaserbox][\/vc_column][vc_column width=\u00bb1\/3&#8243;][plethora_teaserbox orientation_style=\u00bbvertical\u00bb title=\u00bbHORARIOS DE ATENCI\u00d3N\u00bb media_type=\u00bbicon\u00bb icon=\u00bbfa fa-clock-rotate-left\u00bb]Lunes Sabado:<br \/>\n8 a. m. &#8211; 8 p. m.[\/plethora_teaserbox][\/vc_column][\/vc_row][vc_row full_width=\u00bbstretch_row_content_no_spaces\u00bb content_placement=\u00bbmiddle\u00bb row_padding_top=\u00bbpadding_top_none\u00bb row_padding_bottom=\u00bbpadding_bottom_none\u00bb css=\u00bb.vc_custom_1695117962505{background-image: url(https:\/\/hostaldiana.com\/wp-content\/uploads\/2023\/09\/El-campo-Club-de-Golf-Alcanada-Golf-en-Mallorca.jpg?id=1191) !important;}\u00bb][vc_column width=\u00bb1\/2&#8243; offset=\u00bbvc_col-lg-8 vc_col-md-7&#8243; css=\u00bb.vc_custom_1486026950606{background-image: url(https:\/\/hostaldiana.com\/wp-content\/uploads\/2016\/11\/gym-1.jpg?id=274) !important;background-position: center !important;background-repeat: no-repeat !important;background-size: cover !important;}\u00bb][vc_empty_space height=\u00bb300px\u00bb][vc_empty_space height=\u00bb200px\u00bb el_class=\u00bbhidden-xs hidden-sm hidden-md\u00bb][vc_empty_space height=\u00bb100px\u00bb el_class=\u00bbhidden-xs\u00bb][vc_empty_space height=\u00bb100px\u00bb el_class=\u00bbhidden-xs hidden-sm\u00bb][\/vc_column][vc_column width=\u00bb1\/2&#8243; color_set=\u00bbwhite_section\u00bb align=\u00bbtext-left\u00bb boxed=\u00bbboxed_plus\u00bb el_class=\u00bbcol-md-pull-1&#8243; offset=\u00bbvc_col-lg-4 vc_col-md-5&#8243;][plethora_headinggroup subtitle=\u00bbCAMPO DE GOLF MEDITERR\u00c1NEO DE 18 HOYOS\u00bb align=\u00bbtext-left\u00bb subtitle_position=\u00bbtop\u00bb divider=\u00bb\u00bb]<\/p>\n<h3>GOLF EN EL MEDITERR\u00c1NEO: UNA EXPERIENCIA \u00daNICA<\/h3>\n<p>[\/plethora_headinggroup][vc_column_text]Ubicado en la pintoresca isla de Mallorca, nuestro campo de golf combina el dise\u00f1o sofisticado con la naturaleza exuberante, ofreciendo vistas panor\u00e1micas al mar y a la emblem\u00e1tica isla de Alcanada. Nuestro compromiso con la excelencia se refleja en cada detalle, desde la calidad de nuestro campo hasta las comodidades de primera clase en nuestro club.[\/vc_column_text][plethora_button button_text=\u00bbCon un campo de 18 hoyos\u00bb button_with_icon=\u00bb0&#8243;][\/vc_column][\/vc_row][vc_row full_width=\u00bbstretch_row\u00bb color_set=\u00bbwhite_section\u00bb][vc_column][plethora_headinggroup divider=\u00bb1&#8243;]<\/p>\n<h2>Sobre el campo<\/h2>\n<p>[\/plethora_headinggroup][plethora_loop_post data=\u00bbpost_selection\u00bb items_template=\u00bbmasonry-post-classic-vertical\u00bb filterbar=\u00bb\u00bb ref_id=\u00bb584a880d38588&#8243; data_posts_selection=\u00bb484, 462, 448&#8243; data_orderby=\u00bbpost__in\u00bb items_per_row=\u00bbgrid_sizer col-md-4 col-sm-6&#8243; items_media_ratio=\u00bbstretchy_wrapper ratio_16-9&#8243; items_author=\u00bb\u00bb items_link_behavior=\u00bbajax\u00bb][vc_column_text]<\/p>\n<p style=\"text-align: center;\">El faro de Alcanada es el s\u00edmbolo del Club, visible desde todo el campo de golf dise\u00f1ado por Robert Trent Jones, Jr., con vistas al mar y las monta\u00f1as. Requiere un handicap m\u00ednimo de 35 para mujeres y 33 para hombres.<\/p>\n<p>[\/vc_column_text][\/vc_column][\/vc_row]<\/p>\n<\/section>","protected":false},"excerpt":{"rendered":"<p>[vc_row full_width=\u00bbstretch_row\u00bb row_padding_bottom=\u00bbpadding_bottom_none\u00bb css=\u00bb.vc_custom_1488370312297{background-color: #f4f4f4 !important;}\u00bb][vc_column][plethora_headinggroup subtitle=\u00bbLA EXPERIENCIA DE GOLF MEDITERR\u00c1NEA\u00bb divider=\u00bb1&#8243;] CLUB DE GOLF ALCANADA [\/plethora_headinggroup][\/vc_column][\/vc_row][vc_row full_width=\u00bbstretch_row\u00bb color_set=\u00bbwhite_section\u00bb row_padding_top=\u00bbpadding_top_none\u00bb [&hellip;]<\/p>\n","protected":false},"author":3,"featured_media":1178,"parent":0,"menu_order":0,"comment_status":"closed","ping_status":"closed","template":"","meta":{"site-sidebar-layout":"no-sidebar","site-content-layout":"plain-container","ast-site-content-layout":"default","site-content-style":"default","site-sidebar-style":"default","ast-global-header-display":"","ast-banner-title-visibility":"","ast-main-header-display":"","ast-hfb-above-header-display":"","ast-hfb-below-header-display":"","ast-hfb-mobile-header-display":"","site-post-title":"disabled","ast-breadcrumbs-content":"","ast-featured-img":"disabled","footer-sml-layout":"","ast-disable-related-posts":"","theme-transparent-header-meta":"","adv-header-id-meta":"","stick-header-meta":"","header-above-stick-meta":"","header-main-stick-meta":"","header-below-stick-meta":"","astra-migrate-meta-layouts":"default","ast-page-background-enabled":"default","ast-page-background-meta":{"desktop":{"background-color":"var(--ast-global-color-5)","background-image":"","background-repeat":"repeat","background-position":"center center","background-size":"auto","background-attachment":"scroll","background-type":"","background-media":"","overlay-type":"","overlay-color":"","overlay-opacity":"","overlay-gradient":""},"tablet":{"background-color":"","background-image":"","background-repeat":"repeat","background-position":"center center","background-size":"auto","background-attachment":"scroll","background-type":"","background-media":"","overlay-type":"","overlay-color":"","overlay-opacity":"","overlay-gradient":""},"mobile":{"background-color":"","background-image":"","background-repeat":"repeat","background-position":"center center","background-size":"auto","background-attachment":"scroll","background-type":"","background-media":"","overlay-type":"","overlay-color":"","overlay-opacity":"","overlay-gradient":""}},"ast-content-background-meta":{"desktop":{"background-color":"var(--ast-global-color-4)","background-image":"","background-repeat":"repeat","background-position":"center center","background-size":"auto","background-attachment":"scroll","background-type":"","background-media":"","overlay-type":"","overlay-color":"","overlay-opacity":"","overlay-gradient":""},"tablet":{"background-color":"var(--ast-global-color-4)","background-image":"","background-repeat":"repeat","background-position":"center center","background-size":"auto","background-attachment":"scroll","background-type":"","background-media":"","overlay-type":"","overlay-color":"","overlay-opacity":"","overlay-gradient":""},"mobile":{"background-color":"var(--ast-global-color-4)","background-image":"","background-repeat":"repeat","background-position":"center center","background-size":"auto","background-attachment":"scroll","background-type":"","background-media":"","overlay-type":"","overlay-color":"","overlay-opacity":"","overlay-gradient":""}},"footnotes":""},"class_list":["post-50","page","type-page","status-publish","has-post-thumbnail","hentry"],"yoast_head":"<!-- This site is optimized with the Yoast SEO plugin v21.5 - https:\/\/yoast.com\/wordpress\/plugins\/seo\/ -->\n<title>Torneos de Golf en Mallorca | Club de Golf Alcanada<\/title>\n<meta name=\"description\" content=\"Disfrute del golf de clase mundial en el Club de Golf Alcanada en Mallorca. Vistas impresionantes al mar, campo dise\u00f1ado por Robert Trent Jones, Jr. \u00a1Reserve su partida hoy!\" \/>\n<meta name=\"robots\" content=\"index, follow, max-snippet:-1, max-image-preview:large, max-video-preview:-1\" \/>\n<link rel=\"canonical\" href=\"https:\/\/hostaldiana.com\/?page_id=50\" \/>\n<meta property=\"og:locale\" content=\"es_ES\" \/>\n<meta property=\"og:type\" content=\"article\" \/>\n<meta property=\"og:title\" content=\"Torneos de Golf en Mallorca | Club de Golf Alcanada\" \/>\n<meta property=\"og:description\" content=\"Disfrute del golf de clase mundial en el Club de Golf Alcanada en Mallorca. Vistas impresionantes al mar, campo dise\u00f1ado por Robert Trent Jones, Jr. \u00a1Reserve su partida hoy!\" \/>\n<meta property=\"og:url\" content=\"https:\/\/hostaldiana.com\/?page_id=50\" \/>\n<meta property=\"article:publisher\" content=\"https:\/\/www.facebook.com\/HostalEleganceDiana\/\" \/>\n<meta property=\"article:modified_time\" content=\"2023-09-19T10:21:54+00:00\" \/>\n<meta property=\"og:image\" content=\"https:\/\/hostaldiana.com\/wp-content\/uploads\/2023\/09\/Club-de-Golf-Alcanada.jpeg\" \/>\n\t<meta property=\"og:image:width\" content=\"1280\" \/>\n\t<meta property=\"og:image:height\" content=\"854\" \/>\n\t<meta property=\"og:image:type\" content=\"image\/jpeg\" \/>\n<meta name=\"twitter:card\" content=\"summary_large_image\" \/>\n<meta name=\"twitter:label1\" content=\"Tiempo de lectura\" \/>\n\t<meta name=\"twitter:data1\" content=\"2 minutos\" \/>\n<script type=\"application\/ld+json\" class=\"yoast-schema-graph\">{\"@context\":\"https:\/\/schema.org\",\"@graph\":[{\"@type\":\"WebPage\",\"@id\":\"https:\/\/hostaldiana.com\/?page_id=50\",\"url\":\"https:\/\/hostaldiana.com\/?page_id=50\",\"name\":\"Torneos de Golf en Mallorca | Club de Golf Alcanada\",\"isPartOf\":{\"@id\":\"https:\/\/hostaldiana.com\/#website\"},\"datePublished\":\"2016-11-24T18:11:06+00:00\",\"dateModified\":\"2023-09-19T10:21:54+00:00\",\"description\":\"Disfrute del golf de clase mundial en el Club de Golf Alcanada en Mallorca. Vistas impresionantes al mar, campo dise\u00f1ado por Robert Trent Jones, Jr. \u00a1Reserve su partida hoy!\",\"breadcrumb\":{\"@id\":\"https:\/\/hostaldiana.com\/?page_id=50#breadcrumb\"},\"inLanguage\":\"es\",\"potentialAction\":[{\"@type\":\"ReadAction\",\"target\":[\"https:\/\/hostaldiana.com\/?page_id=50\"]}]},{\"@type\":\"BreadcrumbList\",\"@id\":\"https:\/\/hostaldiana.com\/?page_id=50#breadcrumb\",\"itemListElement\":[{\"@type\":\"ListItem\",\"position\":1,\"name\":\"Portada\",\"item\":\"https:\/\/hostaldiana.com\/\"},{\"@type\":\"ListItem\",\"position\":2,\"name\":\"Club de Golf Alcanada\"}]},{\"@type\":\"WebSite\",\"@id\":\"https:\/\/hostaldiana.com\/#website\",\"url\":\"https:\/\/hostaldiana.com\/\",\"name\":\"Hostal Elegance Diana\",\"description\":\"\",\"publisher\":{\"@id\":\"https:\/\/hostaldiana.com\/#organization\"},\"alternateName\":\"Hostal Diana\",\"potentialAction\":[{\"@type\":\"SearchAction\",\"target\":{\"@type\":\"EntryPoint\",\"urlTemplate\":\"https:\/\/hostaldiana.com\/?s={search_term_string}\"},\"query-input\":\"required name=search_term_string\"}],\"inLanguage\":\"es\"},{\"@type\":\"Organization\",\"@id\":\"https:\/\/hostaldiana.com\/#organization\",\"name\":\"Elegance Hotels & Resort\",\"url\":\"https:\/\/hostaldiana.com\/\",\"logo\":{\"@type\":\"ImageObject\",\"inLanguage\":\"es\",\"@id\":\"https:\/\/hostaldiana.com\/#\/schema\/logo\/image\/\",\"url\":\"https:\/\/hostaldiana.com\/wp-content\/uploads\/2023\/09\/Logo-Hostal-Diana-Blanco.png\",\"contentUrl\":\"https:\/\/hostaldiana.com\/wp-content\/uploads\/2023\/09\/Logo-Hostal-Diana-Blanco.png\",\"width\":512,\"height\":247,\"caption\":\"Elegance Hotels & Resort\"},\"image\":{\"@id\":\"https:\/\/hostaldiana.com\/#\/schema\/logo\/image\/\"},\"sameAs\":[\"https:\/\/www.facebook.com\/HostalEleganceDiana\/\"]}]}<\/script>\n<!-- \/ Yoast SEO plugin. -->","yoast_head_json":{"title":"Torneos de Golf en Mallorca | Club de Golf Alcanada","description":"Disfrute del golf de clase mundial en el Club de Golf Alcanada en Mallorca. Vistas impresionantes al mar, campo dise\u00f1ado por Robert Trent Jones, Jr. \u00a1Reserve su partida hoy!","robots":{"index":"index","follow":"follow","max-snippet":"max-snippet:-1","max-image-preview":"max-image-preview:large","max-video-preview":"max-video-preview:-1"},"canonical":"https:\/\/hostaldiana.com\/?page_id=50","og_locale":"es_ES","og_type":"article","og_title":"Torneos de Golf en Mallorca | Club de Golf Alcanada","og_description":"Disfrute del golf de clase mundial en el Club de Golf Alcanada en Mallorca. Vistas impresionantes al mar, campo dise\u00f1ado por Robert Trent Jones, Jr. \u00a1Reserve su partida hoy!","og_url":"https:\/\/hostaldiana.com\/?page_id=50","article_publisher":"https:\/\/www.facebook.com\/HostalEleganceDiana\/","article_modified_time":"2023-09-19T10:21:54+00:00","og_image":[{"width":1280,"height":854,"url":"https:\/\/hostaldiana.com\/wp-content\/uploads\/2023\/09\/Club-de-Golf-Alcanada.jpeg","type":"image\/jpeg"}],"twitter_card":"summary_large_image","twitter_misc":{"Tiempo de lectura":"2 minutos"},"schema":{"@context":"https:\/\/schema.org","@graph":[{"@type":"WebPage","@id":"https:\/\/hostaldiana.com\/?page_id=50","url":"https:\/\/hostaldiana.com\/?page_id=50","name":"Torneos de Golf en Mallorca | Club de Golf Alcanada","isPartOf":{"@id":"https:\/\/hostaldiana.com\/#website"},"datePublished":"2016-11-24T18:11:06+00:00","dateModified":"2023-09-19T10:21:54+00:00","description":"Disfrute del golf de clase mundial en el Club de Golf Alcanada en Mallorca. Vistas impresionantes al mar, campo dise\u00f1ado por Robert Trent Jones, Jr. \u00a1Reserve su partida hoy!","breadcrumb":{"@id":"https:\/\/hostaldiana.com\/?page_id=50#breadcrumb"},"inLanguage":"es","potentialAction":[{"@type":"ReadAction","target":["https:\/\/hostaldiana.com\/?page_id=50"]}]},{"@type":"BreadcrumbList","@id":"https:\/\/hostaldiana.com\/?page_id=50#breadcrumb","itemListElement":[{"@type":"ListItem","position":1,"name":"Portada","item":"https:\/\/hostaldiana.com\/"},{"@type":"ListItem","position":2,"name":"Club de Golf Alcanada"}]},{"@type":"WebSite","@id":"https:\/\/hostaldiana.com\/#website","url":"https:\/\/hostaldiana.com\/","name":"Hostal Elegance Diana","description":"","publisher":{"@id":"https:\/\/hostaldiana.com\/#organization"},"alternateName":"Hostal Diana","potentialAction":[{"@type":"SearchAction","target":{"@type":"EntryPoint","urlTemplate":"https:\/\/hostaldiana.com\/?s={search_term_string}"},"query-input":"required name=search_term_string"}],"inLanguage":"es"},{"@type":"Organization","@id":"https:\/\/hostaldiana.com\/#organization","name":"Elegance Hotels & Resort","url":"https:\/\/hostaldiana.com\/","logo":{"@type":"ImageObject","inLanguage":"es","@id":"https:\/\/hostaldiana.com\/#\/schema\/logo\/image\/","url":"https:\/\/hostaldiana.com\/wp-content\/uploads\/2023\/09\/Logo-Hostal-Diana-Blanco.png","contentUrl":"https:\/\/hostaldiana.com\/wp-content\/uploads\/2023\/09\/Logo-Hostal-Diana-Blanco.png","width":512,"height":247,"caption":"Elegance Hotels & Resort"},"image":{"@id":"https:\/\/hostaldiana.com\/#\/schema\/logo\/image\/"},"sameAs":["https:\/\/www.facebook.com\/HostalEleganceDiana\/"]}]}},"_links":{"self":[{"href":"https:\/\/hostaldiana.com\/index.php?rest_route=\/wp\/v2\/pages\/50","targetHints":{"allow":["GET"]}}],"collection":[{"href":"https:\/\/hostaldiana.com\/index.php?rest_route=\/wp\/v2\/pages"}],"about":[{"href":"https:\/\/hostaldiana.com\/index.php?rest_route=\/wp\/v2\/types\/page"}],"author":[{"embeddable":true,"href":"https:\/\/hostaldiana.com\/index.php?rest_route=\/wp\/v2\/users\/3"}],"replies":[{"embeddable":true,"href":"https:\/\/hostaldiana.com\/index.php?rest_route=%2Fwp%2Fv2%2Fcomments&post=50"}],"version-history":[{"count":19,"href":"https:\/\/hostaldiana.com\/index.php?rest_route=\/wp\/v2\/pages\/50\/revisions"}],"predecessor-version":[{"id":1196,"href":"https:\/\/hostaldiana.com\/index.php?rest_route=\/wp\/v2\/pages\/50\/revisions\/1196"}],"wp:featuredmedia":[{"embeddable":true,"href":"https:\/\/hostaldiana.com\/index.php?rest_route=\/wp\/v2\/media\/1178"}],"wp:attachment":[{"href":"https:\/\/hostaldiana.com\/index.php?rest_route=%2Fwp%2Fv2%2Fmedia&parent=50"}],"curies":[{"name":"wp","href":"https:\/\/api.w.org\/{rel}","templated":true}]}}